{"id":3161,"date":"2024-06-11T09:54:19","date_gmt":"2024-06-11T07:54:19","guid":{"rendered":"https:\/\/parkmuzakowski.nid.pl\/de\/?post_type=project&#038;p=3161"},"modified":"2025-08-05T13:21:29","modified_gmt":"2025-08-05T11:21:29","slug":"muskauer-park-steigerung-der-touristischen-attraktivitaet-und-barrierefreiheit-des-unesco-weltkulturerbes","status":"publish","type":"project","link":"https:\/\/parkmuzakowski.nid.pl\/de\/project\/muskauer-park-steigerung-der-touristischen-attraktivitaet-und-barrierefreiheit-des-unesco-weltkulturerbes\/","title":{"rendered":"Muskauer Park \u2013 Steigerung der touristischen Attraktivit\u00e4t und Barrierefreiheit des UNESCO-Weltkulturerbes"},"content":{"rendered":"<p><span data-contrast=\"auto\">Zusammen mit der Stiftung &#8222;F\u00fcrst-P\u00fcckler-Park Bad Muskau&#8220; starten wir ein gemeinsames Projekt: \u201ePark Mu\u017cakowski \u2013 zwi\u0119kszenie atrakcyjno\u015bci turystycznej i dost\u0119pno\u015bci obiektu \u015bwiatowego dziedzictwa UNESCO\u201d\/ Muskauer Park \u2013 Steigerung der touristischen Attraktivit\u00e4t und Barrierefreiheit des UNESCO-Weltkulturerbes, finanziert im Rahmen des Kooperationsprogramms INTERREG 2021-2027.<\/span><span data-ccp-props=\"{&quot;201341983&quot;:0,&quot;335559739&quot;:160,&quot;335559740&quot;:360}\">\u00a0<\/span><\/p>\n<p><span data-contrast=\"auto\">In den kommenden Monaten, bis Ende 2025, werden wir Ihnen ein umfangreiches Programm an Kultur- und Bildungsveranstaltungen anbieten, darunter gef\u00fchrte Wanderungen, Workshops, Treffen und Konzerte. Wir wissen, dass der Park, insbesondere f\u00fcr diejenigen, die ihn zum ersten Mal besuchen, eine gro\u00dfe Herausforderung sein kann, wenn es darum geht, sich auf dem Gel\u00e4nde zurechtzufinden. Deshalb wird eine neue, \u00fcbersichtliche Karte erstellt, um den Besuch der Anlage einfacher und angenehmer zu gestalten. Um Ihnen Hermann von P\u00fcckler-Muskau, die wichtigste Pers\u00f6nlichkeit f\u00fcr die Entstehung des Parks, n\u00e4her zu bringen, ver\u00f6ffentlichen wir nicht nur sein grundlegendes Buch \u201eAndeutungen \u00fcber Landschaftsg\u00e4rtnerei\u201c, sondern auch eine Mappe mit Reproduktionen der Stiche von August Wilhelm Schirmer. So k\u00f6nnen Sie sich ein Bild davon machen, wie der Park ausgesehen h\u00e4tte, wenn F\u00fcrst Hermann alle seine Ideen, auch die verr\u00fccktesten, verwirklicht h\u00e4tte. Weitere Informationen rund um den Park und seine Geschichte finden Sie auf der neuen Website des Parks in Form einer virtuellen Wissensdatenbank und eines damit verbundenen QR-Pfads mit Stationen an den wichtigsten und sch\u00f6nsten Orten. <\/span><span data-ccp-props=\"{&quot;201341983&quot;:0,&quot;335559739&quot;:160,&quot;335559740&quot;:360}\">\u00a0<\/span><\/p>\n<p><span data-contrast=\"auto\">Eines der wichtigsten Projekte, das wir dank der eingeworbenen Mittel umsetzen k\u00f6nnen, ist der Wiederaufbau des <\/span><span data-contrast=\"auto\">K\u00f6blener Tores\u00a0<\/span><span data-contrast=\"auto\"> das sich in der N\u00e4he des Englischen Hauses befand und im Zweiten Weltkrieg zerst\u00f6rt wurde. Wir hoffen, dass dies der erste Schritt zu einer unserer gr\u00f6\u00dften Herausforderungen sein wird, n\u00e4mlich der Erstellung eines Revitalisierungsprogramms f\u00fcr die \u00fcbrigen historischen und nicht erhaltenen Geb\u00e4ude auf der polnischen Seite (dr\u00fccken Sie uns die Daumen!).<\/span><span data-ccp-props=\"{&quot;201341983&quot;:0,&quot;335559739&quot;:160,&quot;335559740&quot;:360}\">\u00a0<\/span><\/p>\n<p><span data-contrast=\"auto\">Au\u00dferdem wird der Park mit neuen Informationstafeln, B\u00e4nken und Abfallbeh\u00e4ltern ausgestattet. Mit der Einf\u00fchrung intelligenter IT-Systeme werden wir nicht nur die Sicherheit, sondern auch die Windst\u00e4rke im Park \u00fcberwachen k\u00f6nnen, so dass wir Sie \u00fcber m\u00f6gliche Gefahren informieren k\u00f6nnen. Au\u00dferdem werden wir endlich erfahren, wie viele Besucher den Park nutzen, so dass wir unser Angebot noch besser auf Ihre Bed\u00fcrfnisse abstimmen k\u00f6nnen. Au\u00dferdem werden wir f\u00fcr Menschen mit Behinderungen einen speziellen Melex anschaffen, um die Zug\u00e4nglichkeit zu abgelegenen Orten im Park zu verbessern. Zwei weitere werden f\u00fcr unsere G\u00e4rtner bereitgestellt, damit sie sich noch besser um unsere Flora und Fauna k\u00fcmmern k\u00f6nnen.\u00a0\u00a0<\/span><span data-ccp-props=\"{&quot;201341983&quot;:0,&quot;335559739&quot;:160,&quot;335559740&quot;:360}\">\u00a0<\/span><\/p>\n<p><span data-contrast=\"auto\">Das Projekt wird mit finanzieller Unterst\u00fctzung durch das Kooperationsprogramm INTERREG Polska-Saksonia 2021-2027 in H\u00f6he von 916 589,09 \u20ac und die Subvention des Ministeriums f\u00fcr Kultur und Nationales Erbe in H\u00f6he von 969\u202f019, 28 PLN durchgef\u00fchrt.\u00a0\u00a0<\/span><span data-ccp-props=\"{&quot;201341983&quot;:0,&quot;335559739&quot;:160,&quot;335559740&quot;:360}\">\u00a0<\/span><\/p>\n<p>&nbsp;<\/p>\n","protected":false},"excerpt":{"rendered":"<p>Zusammen mit der Stiftung &#8222;F\u00fcrst-P\u00fcckler-Park Bad Muskau&#8220; starten wir ein gemeinsames Projekt: \u201ePark Mu\u017cakowski \u2013 zwi\u0119kszenie atrakcyjno\u015bci turystycznej i dost\u0119pno\u015bci obiektu \u015bwiatowego dziedzictwa UNESCO\u201d\/ Muskauer Park \u2013 Steigerung der touristischen Attraktivit\u00e4t und Barrierefreiheit des UNESCO-Weltkulturerbes, finanziert im Rahmen des Kooperationsprogramms INTERREG 2021-2027.\u00a0 In den kommenden Monaten, bis Ende 2025, werden wir Ihnen ein umfangreiches Programm [&hellip;]<\/p>\n","protected":false},"author":14,"featured_media":3162,"comment_status":"open","ping_status":"closed","template":"","meta":{"_acf_changed":false,"_et_pb_use_builder":"","_et_pb_old_content":"","_et_gb_content_width":"","footnotes":""},"project_category":[],"project_tag":[],"class_list":["post-3161","project","type-project","status-publish","has-post-thumbnail","hentry"],"acf":[],"_links":{"self":[{"href":"https:\/\/parkmuzakowski.nid.pl\/de\/wp-json\/wp\/v2\/project\/3161","targetHints":{"allow":["GET"]}}],"collection":[{"href":"https:\/\/parkmuzakowski.nid.pl\/de\/wp-json\/wp\/v2\/project"}],"about":[{"href":"https:\/\/parkmuzakowski.nid.pl\/de\/wp-json\/wp\/v2\/types\/project"}],"author":[{"embeddable":true,"href":"https:\/\/parkmuzakowski.nid.pl\/de\/wp-json\/wp\/v2\/users\/14"}],"replies":[{"embeddable":true,"href":"https:\/\/parkmuzakowski.nid.pl\/de\/wp-json\/wp\/v2\/comments?post=3161"}],"version-history":[{"count":1,"href":"https:\/\/parkmuzakowski.nid.pl\/de\/wp-json\/wp\/v2\/project\/3161\/revisions"}],"predecessor-version":[{"id":3607,"href":"https:\/\/parkmuzakowski.nid.pl\/de\/wp-json\/wp\/v2\/project\/3161\/revisions\/3607"}],"wp:featuredmedia":[{"embeddable":true,"href":"https:\/\/parkmuzakowski.nid.pl\/de\/wp-json\/wp\/v2\/media\/3162"}],"wp:attachment":[{"href":"https:\/\/parkmuzakowski.nid.pl\/de\/wp-json\/wp\/v2\/media?parent=3161"}],"wp:term":[{"taxonomy":"project_category","embeddable":true,"href":"https:\/\/parkmuzakowski.nid.pl\/de\/wp-json\/wp\/v2\/project_category?post=3161"},{"taxonomy":"project_tag","embeddable":true,"href":"https:\/\/parkmuzakowski.nid.pl\/de\/wp-json\/wp\/v2\/project_tag?post=3161"}],"curies":[{"name":"wp","href":"https:\/\/api.w.org\/{rel}","templated":true}]}}

Muskauer Park – Steigerung der touristischen Attraktivität und Barrierefreiheit des UNESCO-Weltkulturerbes

<p><span data-contrast="auto">Zusammen mit der Stiftung &#8222;Fürst-Pückler-Park Bad Muskau&#8220; starten wir ein gemeinsames Projekt: „Park Mużakowski – zwiększenie atrakcyjności turystycznej i dostępności obiektu światowego dziedzictwa UNESCO”/ Muskauer Park – Steigerung der touristischen Attraktivität und Barrierefreiheit des UNESCO-Weltkulturerbes, finanziert im Rahmen des Kooperationsprogramms INTERREG 2021-2027.</span><span data-ccp-props="{&quot;201341983&quot;:0,&quot;335559739&quot;:160,&quot;335559740&quot;:360}"> </span></p>
<p><span data-contrast="auto">In den kommenden Monaten, bis Ende 2025, werden wir Ihnen ein umfangreiches Programm an Kultur- und Bildungsveranstaltungen anbieten, darunter geführte Wanderungen, Workshops, Treffen und Konzerte. Wir wissen, dass der Park, insbesondere für diejenigen, die ihn zum ersten Mal besuchen, eine große Herausforderung sein kann, wenn es darum geht, sich auf dem Gelände zurechtzufinden. Deshalb wird eine neue, übersichtliche Karte erstellt, um den Besuch der Anlage einfacher und angenehmer zu gestalten. Um Ihnen Hermann von Pückler-Muskau, die wichtigste Persönlichkeit für die Entstehung des Parks, näher zu bringen, veröffentlichen wir nicht nur sein grundlegendes Buch „Andeutungen über Landschaftsgärtnerei“, sondern auch eine Mappe mit Reproduktionen der Stiche von August Wilhelm Schirmer. So können Sie sich ein Bild davon machen, wie der Park ausgesehen hätte, wenn Fürst Hermann alle seine Ideen, auch die verrücktesten, verwirklicht hätte. Weitere Informationen rund um den Park und seine Geschichte finden Sie auf der neuen Website des Parks in Form einer virtuellen Wissensdatenbank und eines damit verbundenen QR-Pfads mit Stationen an den wichtigsten und schönsten Orten. </span><span data-ccp-props="{&quot;201341983&quot;:0,&quot;335559739&quot;:160,&quot;335559740&quot;:360}"> </span></p>
<p><span data-contrast="auto">Eines der wichtigsten Projekte, das wir dank der eingeworbenen Mittel umsetzen können, ist der Wiederaufbau des </span><span data-contrast="auto">Köblener Tores </span><span data-contrast="auto"> das sich in der Nähe des Englischen Hauses befand und im Zweiten Weltkrieg zerstört wurde. Wir hoffen, dass dies der erste Schritt zu einer unserer größten Herausforderungen sein wird, nämlich der Erstellung eines Revitalisierungsprogramms für die übrigen historischen und nicht erhaltenen Gebäude auf der polnischen Seite (drücken Sie uns die Daumen!).</span><span data-ccp-props="{&quot;201341983&quot;:0,&quot;335559739&quot;:160,&quot;335559740&quot;:360}"> </span></p>
<p><span data-contrast="auto">Außerdem wird der Park mit neuen Informationstafeln, Bänken und Abfallbehältern ausgestattet. Mit der Einführung intelligenter IT-Systeme werden wir nicht nur die Sicherheit, sondern auch die Windstärke im Park überwachen können, so dass wir Sie über mögliche Gefahren informieren können. Außerdem werden wir endlich erfahren, wie viele Besucher den Park nutzen, so dass wir unser Angebot noch besser auf Ihre Bedürfnisse abstimmen können. Außerdem werden wir für Menschen mit Behinderungen einen speziellen Melex anschaffen, um die Zugänglichkeit zu abgelegenen Orten im Park zu verbessern. Zwei weitere werden für unsere Gärtner bereitgestellt, damit sie sich noch besser um unsere Flora und Fauna kümmern können.  </span><span data-ccp-props="{&quot;201341983&quot;:0,&quot;335559739&quot;:160,&quot;335559740&quot;:360}"> </span></p>
<p><span data-contrast="auto">Das Projekt wird mit finanzieller Unterstützung durch das Kooperationsprogramm INTERREG Polska-Saksonia 2021-2027 in Höhe von 916 589,09 € und die Subvention des Ministeriums für Kultur und Nationales Erbe in Höhe von 969 019, 28 PLN durchgeführt.  </span><span data-ccp-props="{&quot;201341983&quot;:0,&quot;335559739&quot;:160,&quot;335559740&quot;:360}"> </span></p>
<p>&nbsp;</p>

<p>Zusammen mit der Stiftung &#8222;Fürst-Pückler-Park Bad Muskau&#8220; starten wir ein gemeinsames Projekt: „Park Mużakowski – zwiększenie atrakcyjności turystycznej i dostępności obiektu światowego dziedzictwa UNESCO”/ Muskauer Park – Steigerung der touristischen Attraktivität und Barrierefreiheit des UNESCO-Weltkulturerbes, finanziert im Rahmen des Kooperationsprogramms INTERREG 2021-2027.  In den kommenden Monaten, bis Ende 2025, werden wir Ihnen ein umfangreiches Programm [&hellip;]</p>
